{"id":1348,"date":"2018-12-18T17:56:33","date_gmt":"2018-12-18T16:56:33","guid":{"rendered":"https:\/\/alemkorkut.com\/?page_id=1348"},"modified":"2023-07-30T19:20:55","modified_gmt":"2023-07-30T17:20:55","slug":"sculptures-in-public-space","status":"publish","type":"page","link":"https:\/\/alemkorkut.com\/en\/chronology\/sculptures-in-public-space\/","title":{"rendered":"Sculptures in public space"},"content":{"rendered":"\n<h3 class=\"wp-block-heading\">\/2023.<\/h3>\n\n\n\n<p><strong>Kostanjevica na Krka<\/strong><br>\u201cMoonbeams\u201d, wood<\/p>\n\n\n\n<h3 class=\"wp-block-heading\">\/2020.<\/h3>\n\n\n\n<p><strong>Biha\u0107, Bosnia and Herzegovina<\/strong><br>Monument to the defenders and liberators of Biha\u0107, stainless steel<\/p>\n\n\n\n<h3 class=\"wp-block-heading\">\/2019.<\/h3>\n\n\n\n<p><strong>Lokve<\/strong><br>Lokve, Golubinjak, \u201cKompas\u201d, wood<br><strong>Sharm-el-Sheikh<br><\/strong>Heart of Sinai, part of the Monument to Humanity<\/p>\n\n\n\n<h3 class=\"wp-block-heading\">\/2016.<\/h3>\n\n\n\n<p><strong>Koprivnica<\/strong><br>Monument to Croatian freedom for veterans of the Homeland War, bronze<\/p>\n\n\n\n<h3 class=\"wp-block-heading\">\/2009.<\/h3>\n\n\n\n<p><strong>Karlovac<\/strong><br>Memorial to fallen defenders of the Homeland War 400x320x4010cm, inox<\/p>\n\n\n\n<h3 class=\"wp-block-heading\">\/2006.<\/h3>\n\n\n\n<p><strong>\u0160ibenik<\/strong><br>Memorial to fallen defenders of the Homeland War 355x280x410cm, aluminum<\/p>\n\n\n\n<h3 class=\"wp-block-heading\">\/2005.<\/h3>\n\n\n\n<p><strong>Koprivnica<\/strong><br>\u201cBike monument\u201d, 280x100x580cm, inox<br><strong>Jakovlje<\/strong><br>\u2018Polar cap\u2019, 65x112x65cm, aluminium<\/p>\n\n\n\n<h3 class=\"wp-block-heading\">\/2002<\/h3>\n\n\n\n<p><strong>Pazin<\/strong><br>Road to Ka\u0161tela, \u2018Karijatida\u2019, 280x110x140cm, stone<\/p>\n\n\n\n<h3 class=\"wp-block-heading\">\/2000<\/h3>\n\n\n\n<p><strong>Buje<\/strong><br>Pu\u010dko u\u010dili\u0161te, \u2018Knjiga\u2019, 59x25x15cm, \u017eeljezo&nbsp;<\/p>\n\n\n\n<h3 class=\"wp-block-heading\">\/1999<\/h3>\n\n\n\n<p><strong>Arnbruck<\/strong><br>\u2018Eskulapov \u0161tap\u2019, 350x40x40cm, wood<\/p>\n\n\n\n<h3 class=\"wp-block-heading\">\/1997<\/h3>\n\n\n\n<p><strong>Ston<\/strong><br>Ka\u0161til, \u2018Trag\u2019 25x25cm, stone<\/p>\n\n\n\n<h3 class=\"wp-block-heading\">\/1996<\/h3>\n\n\n\n<p><strong>Vrsar<\/strong><br>\u2018Zdenac\u2019, 150x80x75cm, stone<\/p>\n","protected":false},"excerpt":{"rendered":"<p>\/2023. Kostanjevica na Krka\u201cMoonbeams\u201d, wood \/2020. Biha\u0107, Bosnia and HerzegovinaMonument to the defenders and liberators of Biha\u0107, stainless steel \/2019. LokveLokve, Golubinjak, \u201cKompas\u201d, woodSharm-el-SheikhHeart of Sinai, part of the Monument to Humanity \/2016. KoprivnicaMonument to Croatian freedom for veterans of the Homeland War, bronze \/2009. KarlovacMemorial to fallen defenders of the Homeland War 400x320x4010cm, inox [&hellip;]<\/p>\n","protected":false},"author":1,"featured_media":0,"parent":989,"menu_order":3,"comment_status":"closed","ping_status":"closed","template":"","meta":{"_acf_changed":false,"footnotes":""},"class_list":["post-1348","page","type-page","status-publish","hentry","entry"],"acf":[],"_links":{"self":[{"href":"https:\/\/alemkorkut.com\/en\/wp-json\/wp\/v2\/pages\/1348","targetHints":{"allow":["GET"]}}],"collection":[{"href":"https:\/\/alemkorkut.com\/en\/wp-json\/wp\/v2\/pages"}],"about":[{"href":"https:\/\/alemkorkut.com\/en\/wp-json\/wp\/v2\/types\/page"}],"author":[{"embeddable":true,"href":"https:\/\/alemkorkut.com\/en\/wp-json\/wp\/v2\/users\/1"}],"replies":[{"embeddable":true,"href":"https:\/\/alemkorkut.com\/en\/wp-json\/wp\/v2\/comments?post=1348"}],"version-history":[{"count":1,"href":"https:\/\/alemkorkut.com\/en\/wp-json\/wp\/v2\/pages\/1348\/revisions"}],"predecessor-version":[{"id":1349,"href":"https:\/\/alemkorkut.com\/en\/wp-json\/wp\/v2\/pages\/1348\/revisions\/1349"}],"up":[{"embeddable":true,"href":"https:\/\/alemkorkut.com\/en\/wp-json\/wp\/v2\/pages\/989"}],"wp:attachment":[{"href":"https:\/\/alemkorkut.com\/en\/wp-json\/wp\/v2\/media?parent=1348"}],"curies":[{"name":"wp","href":"https:\/\/api.w.org\/{rel}","templated":true}]}}

<h3 class="wp-block-heading">/2023.</h3>



<p><strong>Kostanjevica na Krka</strong><br>“Moonbeams”, wood</p>



<h3 class="wp-block-heading">/2020.</h3>



<p><strong>Bihać, Bosnia and Herzegovina</strong><br>Monument to the defenders and liberators of Bihać, stainless steel</p>



<h3 class="wp-block-heading">/2019.</h3>



<p><strong>Lokve</strong><br>Lokve, Golubinjak, “Kompas”, wood<br><strong>Sharm-el-Sheikh<br></strong>Heart of Sinai, part of the Monument to Humanity</p>



<h3 class="wp-block-heading">/2016.</h3>



<p><strong>Koprivnica</strong><br>Monument to Croatian freedom for veterans of the Homeland War, bronze</p>



<h3 class="wp-block-heading">/2009.</h3>



<p><strong>Karlovac</strong><br>Memorial to fallen defenders of the Homeland War 400x320x4010cm, inox</p>



<h3 class="wp-block-heading">/2006.</h3>



<p><strong>Šibenik</strong><br>Memorial to fallen defenders of the Homeland War 355x280x410cm, aluminum</p>



<h3 class="wp-block-heading">/2005.</h3>



<p><strong>Koprivnica</strong><br>“Bike monument”, 280x100x580cm, inox<br><strong>Jakovlje</strong><br>‘Polar cap’, 65x112x65cm, aluminium</p>



<h3 class="wp-block-heading">/2002</h3>



<p><strong>Pazin</strong><br>Road to Kaštela, ‘Karijatida’, 280x110x140cm, stone</p>



<h3 class="wp-block-heading">/2000</h3>



<p><strong>Buje</strong><br>Pučko učilište, ‘Knjiga’, 59x25x15cm, željezo&nbsp;</p>



<h3 class="wp-block-heading">/1999</h3>



<p><strong>Arnbruck</strong><br>‘Eskulapov štap’, 350x40x40cm, wood</p>



<h3 class="wp-block-heading">/1997</h3>



<p><strong>Ston</strong><br>Kaštil, ‘Trag’ 25x25cm, stone</p>



<h3 class="wp-block-heading">/1996</h3>



<p><strong>Vrsar</strong><br>‘Zdenac’, 150x80x75cm, stone</p>

<p>/2023. Kostanjevica na Krka“Moonbeams”, wood /2020. Bihać, Bosnia and HerzegovinaMonument to the defenders and liberators of Bihać, stainless steel /2019. LokveLokve, Golubinjak, “Kompas”, woodSharm-el-SheikhHeart of Sinai, part of the Monument to Humanity /2016. KoprivnicaMonument to Croatian freedom for veterans of the Homeland War, bronze /2009. KarlovacMemorial to fallen defenders of the Homeland War 400x320x4010cm, inox [&hellip;]</p>
